e tens digit of a?
2
Let b be 2 - (-1)/(-2)*-2. Suppose -6 - 3 = -b*c. Suppose a + c = 4*g, -3*g + 0*g = 5*a - 54. What is the units digit of a?
9
Let q = 93 + -33. What is the tens digit of q?
6
Suppose 7*v - 24 = 3*v. Let z be (-8)/(-6)*9/v. Suppose -4*s = -4*h + 36, -h = -z*h - 3*s - 3. What is the units digit of h?
6
Let o(n) = 5*n**2 - 9*n - 1. Let b(y) = -4*y**2 + 9*y. Let u(t) = 6*b(t) + 5*o(t). What is the units digit of u(-11)?
7
Suppose q - 3*q = -4. Suppose -q*z - 5*r = -0*r + 25, -10 = 5*z + 2*r. Suppose 5*s - 25 = -z*s. What is the units digit of s?
5
Suppose -11 = 3*k - 161. Let t = k + -12. What is the units digit of t?
8
Let u = 9 + -4. Suppose 2*a - 5 = u. Suppose 3*i = -a*o - 2*i + 10, -2*i = 8. What is the units digit of o?
6
Suppose -5*z - 11 = -1. Let j be (4/z + 2)/1. Suppose -q = 3*t - 10, 5*t = 3*q - j - 16. What is the units digit of q?
7
Let s = 8 + 0. Suppose -s - 13 = -r. What is the tens digit of r?
2
Suppose 3*v - 5*n - 95 - 172 = 0, -v + 88 = -2*n. What is the units digit of v?
4
Suppose 2*n - 1 = 3*f, -3*f = -2*n - 2*f + 3. What is the tens digit of (51/(-6) + n)*-2?
1
What is the tens digit of (-75)/(-18)*3*(-8)/(-5)?
2
Let j(k) = -k - 5. Let l(b) = 2*b + 10. Let n(p) = -11*j(p) - 6*l(p). Let s be n(4). Let y(a) = -2*a - 13. What is the units digit of y(s)?
5
Let o = 25 - -4. Let r = -3 + o. What is the units digit of r?
6
Let w be -4*(0 - (-3)/6). Let z be (0/(-4 - -2))/w. Suppose z*m = -m + 9. What is the units digit of m?
9
Let s(n) = 8*n**3 + n**2 + n. Let l be s(-1). Let r = l + 18. What is the units digit of r?
0
Let v(u) = 1 - 2*u**3 - 2*u + 5*u**3 + u**3 - 5*u**2. Let r(p) = -11*p**3 + 15*p**2 + 5*p - 4. Let z(n) = -3*r(n) - 8*v(n). What is the units digit of z(5)?
9
Let i(d) = d + 7. Let r be i(-7). Suppose m = -r*m + 2. Suppose 0 = 5*g - m*a - 50, 3*g + 7 = 2*g - 3*a. What is the units digit of g?
8
What is the units digit of 1/((6/1962)/1)?
7
What is the tens digit of -4 - (-1 + (-55 - -1))?
5
Let a(c) = 3*c + 1. Let o be a(-1). Let z(u) = 3*u + 2. Let n be z(o). What is the units digit of (2 - n)*2/4?
3
Let w = 16 - 21. Let p(n) = -14*n - 12. What is the units digit of p(w)?
8
What is the tens digit of -2 + (104/2 - -4)?
5
Suppose 5*t - 1762 = i, 2*t - 515 = -5*i + 206. What is the tens digit of t?
5
Let a(b) = -b**2 - 12*b - 27. Let r be a(-9). Let s = 22 - 16. Suppose 0 = 3*f + s*g - g - 33, r = -f - g + 9. What is the units digit of f?
6
Suppose -2*q - 8 = 0, -p - 100 = -5*p + 3*q. Let c = -15 + p. What is the units digit of c?
7
Suppose l = -5*j + 6*l + 45, -2 = -2*l. What is the units digit of j?
0
Let w = 12 + -7. Suppose w*b - 14 = -4. Suppose -b*d = -d - 20. What is the tens digit of d?
2
Suppose -1 = -n - 3*r, -22 = -2*n + 4*r - 0*r. What is the units digit of n?
7
Suppose 2*x = -0*x + 60. Let j = x - 21. What is the units digit of j?
9
Let a be ((-8)/(-10))/((-4)/(-30)). Let p = -2 + a. What is the units digit of p?
4
Let o(y) be the third derivative of y**5/12 + y**4/24 - y**3/6 + 2*y**2. What is the units digit of o(1)?
5
Suppose -2*u = -7 - 23. Suppose -5*n + u = 5. Suppose -2*t + 43 = -3*y, n*t - 2*y - 55 + 15 = 0. What is the tens digit of t?
1
Suppose -3*i + 23 - 2 = 0. What is the units digit of i?
7
Suppose 4*a - 5*b = -57, 4*b + 52 = -4*a - 32. Let j = a + 33. Suppose 5*w - 40 = j. What is the tens digit of w?
1
Suppose -2*a + 0*a - 4 = 0. What is the tens digit of 1 - 1*(a - 16)?
1
Let m(n) = 11*n**2 + 4*n + 3. What is the units digit of m(-2)?
9
What is the units digit of (20 - 19)/(1/69)?
9
Let s(m) = 3*m**2 - 3*m + 2*m**2 - 4*m**2 + 4. What is the units digit of s(-5)?
4
Let s = 34 + -20. Let a = s - -4. What is the units digit of a?
8
Suppose 4*h - 406 = 46. Suppose 5*b - h = -23. What is the units digit of b?
8
Suppose 18 = -3*p + 5*p. Let c = p - 1. What is the units digit of c?
8
Let u = -22 + 54. What is the tens digit of u?
3
Let y(k) = -k**2 + 5*k - 3. Let t be y(2). Suppose 5*m - 2*r + 1 = 7, t*m = -2*r + 10. Suppose m = -c + 8. What is the units digit of c?
6
Let j be (21/6 + -3)*-6. Let x = j - -5. Suppose 5*z = -4*d + 47, d + 10 = x*z - 1. What is the units digit of z?
7
Suppose -5*v + 100 = -0*v. Suppose 2 = 2*q - v. What is the tens digit of q?
1
Let s be (40/25)/(4/10). Let v = 2 + -3. Let y = s + v. What is the units digit of y?
3
Suppose -5 = -5*a - 0*a. Let b = 27 - 26. What is the units digit of b/a + (-12)/(-3)?
5
Suppose 5*j = 4*g + 21 + 15, 2*j = -2*g - 18. What is the units digit of -9*6/g + -2?
4
Let n be ((-2)/6)/((-3)/45). Suppose 14 - 57 = -r + 5*q, 2*r - 86 = n*q. What is the tens digit of r?
4
Let v = 686 - 406. What is the tens digit of v?
8
Suppose 0 = -5*l - 3*t - t - 1, -5 = l - 4*t. What is the units digit of l/4 - (-50)/8?
6
Suppose -b = 2*o - 0*o - 174, -5*b - 3*o = -891. What is the units digit of b?
0
Suppose u = 2*q - 23, -3*q + 3*u + 17 = -q. Let o = q + -7. Suppose -15 = -3*d + o. What is the units digit of d?
7
Suppose 26 + 94 = 4*d. Suppose -d - 9 = -3*i. What is the units digit of i?
3
Let v = 257 + -29. What is the hundreds digit of v?
2
Let d(m) = -m**2 + 6*m - 6. Let y be (4/10)/((-1)/(-10)). Let c be 0 + y + 0/(-1). What is the units digit of d(c)?
2
Let q = 75 - 8. What is the tens digit of q?
6
Suppose 0 = z + 3 - 16. What is the tens digit of z?
1
Let o(q) = 2*q**2 + 1. Let x be (10 - 7) + (-3 - -1). Let t be o(x). Suppose -n = 6*p - t*p - 10, 5*n + 35 = 2*p. What is the units digit of p?
5
What is the hundreds digit of (348 - 20)*(0 + 6/8)?
2
Let m(g) = -17*g**3 + 3*g + 3. What is the tens digit of m(-2)?
3
Let o be (-5 - -2)*1 + 0. Let j be o/((-6)/(-4)) - -3. What is the units digit of -3 - -9 - -1*j?
7
Let j(q) = q**3 - q**2 - q + 2. Let z = 8 + -6. Suppose -7 = -3*r + z. What is the units digit of j(r)?
7
Let p(v) = -36*v + 8. What is the tens digit of p(-5)?
8
Let g be (-16)/(-2) + -1 + 1. Let a(u) = u**2 - 6*u - 3. What is the units digit of a(g)?
3
What is the hundreds digit of 112 - (-4 - -7 - -1)?
1
Let u(o) = -o**3 + 7*o**2 + 9*o - 9. Let a be u(8). What is the tens digit of 16 - (-1 + 3 - a)?
1
Suppose 15*c = 5*c + 320. What is the units digit of c?
2
Suppose w + 5*w - 690 = 0. What is the hundreds digit of w?
1
Suppose -207 = -4*h + 3*i + 44, 5*i = h - 50. What is the tens digit of h?
6
Let i be (-3)/4*(2 + -6). Suppose -21 = -4*l + i. Suppose 4 = 2*t + 3*t + 3*g, 3*g = -l. What is the units digit of t?
2
Let g = 11 - -19. Let a = g - 15. What is the tens digit of a?
1
Let c = 6 + -3. What is the units digit of (3 - 1) + c - -4?
9
Let q = -22 + 55. What is the units digit of q?
3
Let x(n) = n**2 + 8*n - 10. Let y be x(-9). Let t = y + 5. Suppose 9*c - 5 = t*c. What is the units digit of c?
1
Suppose 3*d = -5*n + 33, 2*d + 1 = -7. Let f = n - 6. Suppose q - 2*j - 17 = -0*q, f*j + 34 = 2*q. What is the tens digit of q?
1
Let g(t) be the first derivative of -t**4/4 + 7*t**3/3 - 5*t + 11. What is the units digit of g(5)?
5
Suppose 5*c - 36 = 4*u, -3*c - 2*u - 8 = 3*u. What is the tens digit of c/((-8)/5)*-10?
2
Let u(t) be the second derivative of -t**4/12 - 7*t**3/6 + t**2/2 - 3*t. What is the units digit of u(-7)?
1
Let n = 23 + 38. Let p = n - 38. What is the units digit of p?
3
Let t be (-11)/3 + 12/18. What is the tens digit of ((-20)/3 + 3)*t?
1
Let l = 4 - 29. Suppose m - a - 19 - 21 = 0, -a = -5*m + 180. Let z = l + m. What is the units digit of z?
0
Let r(z) = -z**2 + 3*z + 3. Suppose 3*b - 3*q = 0, -2*b = -5*q + q + 4. Let i be 2/((-8)/6 + b). What is the units digit of r(i)?
3
What is the units digit of 0/(-5) + (-15)/(-1)?
5
Let f(p) = p**2 - 6*p - 3. Let l be f(6). What is the units digit of (2 + l)/((-1)/23)?
3
Suppose u - 2 = -4*h + 49, 0 = -h - 5*u - 11. Suppose m + 1 = h. What is the units digit of m?
3
Let c(h) = -h**3 + h**2 + 1. Let b(g) = g**3 + 5*g**2 + g + 8. Let f(o) = b(o) + 2*c(o). What is the tens digit of f(7)?
1
What is the units digit of 21 - -1 - (3 - 6)?
5
Let x be (0 - -1) + -3 - -28. Let a = x + -15. What is the tens digit of a?
1
Let v be (0 - -2)/(3 + -2). Suppose 0 = 4*s + v*f - 10, -2 = s + 4*f + 13. What is the units digit of s?
5
Suppose -4*x - 6*y + y = -45, 5*x - 4*y = 5. Suppose r - x - 1 = 0. What is the units digit of r?
6
Let i = -3 - -5. Suppose -p + t + 50 = -3*t, 0 